ded by t(-1)?
29
Suppose 3*q = -4*q + 1687. What is the remainder when q is divided by ((-1403)/46)/((-1)/2)?
58
Let v(z) = -9*z + 26. Let g be v(6). Let h = 34 + g. What is the remainder when (h - 2)/(4/(-128)*-4) is divided by 11?
10
Let y(u) = 12*u**2 + 8*u - 11. What is the remainder when 267 is divided by y(2)?
2
Calculate the remainder when 569 is divided by ((-90)/(-8))/((-395)/(-3792)).
29
Suppose -13*y + 9*y = -112. Calculate the remainder when (-4 + y)/4 - -87 is divided by 32.
29
Let t(g) = 3*g + 6. Let h(p) = -p + 4. Let d be h(-26). Suppose 31*l - d*l = 13. What is the remainder when t(10) is divided by l?
10
Let v(x) be the third derivative of x**5/60 + x**4/4 - 19*x**3 - 57*x**2. Calculate the remainder when v(-25) is divided by 52.
49
Let y(h) = -h**3 + 58*h**2 - 57*h + 6. Suppose -4*r = -5*p + 273, -2*r + 120 = 5*p - 171. Calculate the remainder when 19 is divided by y(p).
1
Let s(m) = -485*m - 2 - m**3 + 495*m + 1. Calculate the remainder when 222 is divided by s(-4).
15
Suppose -13*b = -8*b - 20, 1760 = 4*w + 4*b. Let f = w + -427. Calculate the remainder when (19/(-3) - 1)*-3 is divided by f.
4
Let w(d) = 104*d + 14. Let c be w(3). Suppose -178 = -18*p + c. What is the remainder when 49 is divided by p?
21
Let n(m) = 2*m**2 - 9*m - 2. Let k(g) = -27*g + 389. Calculate the remainder when n(7) is divided by k(14).
0
Suppose 264 = 4*z - 86*s + 90*s, -72 = -z + 5*s. What is the remainder when 727 is divided by z?
57
Let l = -712 - -734. Let f be ((-2)/4)/(6/(-72)). Suppose 0 = 2*h - f*k + 3*k - 82, -4*k = 4*h - 164. What is the remainder when h is divided by l?
19
Calculate the remainder when 2/23 - (-2282087)/1541 is divided by 28.
25
Let d(a) = -a**3 + 11*a**2 + 23*a - 60. Calculate the remainder when d(8) is divided by 105.
1
Let r(n) = 6*n + 1. Suppose 7*x = -558 - 471. Let y = x + 181. What is the remainder when y is divided by r(2)?
8
Let m = -13 + 13. Suppose -3*w + m*w + 78 = -5*v, 3*v = -5*w + 96. Calculate the remainder when w is divided by 10.
1
Let p = 5646 + -5634. What is the remainder when 527 is divided by p?
11
Let x be -1*(3 - -9)*(-21)/6. Let a = 5 - x. Let k = -24 - a. Calculate the remainder when k is divided by 9.
4
Let i(f) = -75*f + 545. Let b(z) = 11*z - 20. What is the remainder when b(11) is divided by i(7)?
1
Suppose 7*o - 3*o = 160. Let w(n) = 13*n + 599. Calculate the remainder when w(-41) is divided by o.
26
Let r(n) be the third derivative of -n**4/24 + 59*n**3/6 - 123*n**2 - 2*n. Calculate the remainder when 6*(-2 - 18/(-4)) is divided by r(49).
5
Suppose 4*b = 3*x - 56, 0 = x - 6*x + 4*b + 88. Let a = 999 + -943. What is the remainder when a is divided by x?
8
Suppose -6 = 49*m - 52*m. Suppose 261 = d - x + 102, 4*x = -m*d + 348. What is the remainder when d is divided by 28?
24
Let b(y) = 43*y + 2. Let v be b(-7). Let n = -206 - v. Suppose a - 5*j = 42, 3*j = 2*a - n + 9. What is the remainder when a is divided by 23?
19
Let z(r) = 657*r - 1296*r + 10 + 648*r. Calculate the remainder when 1270 is divided by z(1).
16
Calculate the remainder when 219 is divided by ((-84)/20 + 3)*(4 - (-1252)/(-8)).
36
Let x = -105 + 323. Suppose c = 4*u - x, 0 = 4*u + 5*c - 78 - 128. Calculate the remainder when 269 is divided by u.
53
Let l(m) = 21*m - 53. Suppose 5*f = -2*v + 13, -23*v = -25*v - 3*f + 11. Calculate the remainder when 152 is divided by l(v).
28
Suppose -2*r = r + 4*y + 625, -3*r = -5*y + 643. Let m = 239 + r. Calculate the remainder when 110 is divided by m.
26
Let k(m) = -3*m**3 + 18*m**2 - 16*m + 14. What is the remainder when 7311 is divided by k(4)?
43
Suppose w + 2*l - 49 = -l, 3*w - l = 127. Suppose -w = y - 2*y - f, -2*y + 61 = -3*f. What is the remainder when 73 is divided by y?
35
Let g = -1457 - -1498. Calculate the remainder when 241 is divided by g.
36
Suppose -4*y + 4*w = -13644, 29*y + w - 6810 = 27*y. Calculate the remainder when y is divided by 155.
152
Let t(d) be the third derivative of -d**6/120 - d**5/6 + 11*d**4/24 + d**3/6 - d**2 - 4*d. What is the remainder when t(-12) is divided by 81?
76
Let s be 19 + (-21)/3*1. Suppose -34*r + 31*r = s, -2*f = -2*r - 818. Calculate the remainder when f is divided by 58.
57
Let u = 465 - 438. Suppose u*w + 112 = 34*w. What is the remainder when w is divided by 13?
3
Let o = 8555 + -8244. What is the remainder when 971 is divided by o?
38
Let q(c) = -c**3 - 7*c**2 - 3*c - 8. Suppose 0 = -i - 0*i - 7. Let s(m) = -m**3 - 49*m**2 + 154*m - 82. Calculate the remainder when s(-52) is divided by q(i).
9
Suppose -2*g - 12 = -0*g. Let s = 8 - g. Suppose 0 = -29*c - 5*k + 1224, -8*k + 13*k = 3*c - 88. Calculate the remainder when c is divided by s.
13
Suppose 287*u = 53109 + 24094. Calculate the remainder when 2142 is divided by u.
259
Suppose 3*c + 180 = -3*i - 1053, -5*i - 4*c = 2052. Let k = i - -427. Calculate the remainder when 75 is divided by k.
18
Let a(f) = 13*f**2 - 894*f - 175. Let h(c) = 190*c**3 + c**2 - c. What is the remainder when h(1) is divided by a(69)?
30
What is the remainder when 4854 is divided by (-27 + (-954)/(-36))*11*-4 + 8?
24
Suppose 0 = 2*g + 226 + 60. What is the remainder when (-9 - -17 - g)/1 is divided by 38?
37
Suppose -3*b - 6*w = -834, -3*b + b - 3*w = -553. Calculate the remainder when b is divided by 69.
65
Calculate the remainder when 611 is divided by (6/9)/(39/(32292/8)).
59
Suppose 180 = -3*u - 3*t, 5*u + 0*t + 316 = -t. Let k(i) = i**2 - 18*i. Let n be k(11). Let l = u - n. Calculate the remainder when 34 is divided by l.
8
Let m(n) be the first derivative of 29*n**4/4 - n**2/2 + n + 1. Calculate the remainder when m(1) is divided by (7 - 3)/((-47)/(-94)).
5
Suppose -120 = 385545*u - 385569*u. Suppose 35 = 3*y + 4*h, -y + h = 3*h - 9. What is the remainder when y is divided by u?
2
Suppose -345*a + 174*a - 14028 = -183*a. Calculate the remainder when a is divided by 97.
5
Let h(g) = -15*g + 33. Let z be h(-3). Suppose 68 = 3*t + 4*v - 83, -5*v + 5 = 0. Let k = z - t. Calculate the remainder when 85 is divided by k.
27
Let z(y) = -y**3 + 8*y**2 - 6*y + 12. Let i be z(6). Let x = -99 + i. Let h = 63 + x. Calculate the remainder when 20 is divided by h.
8
Let s(l) = 4 - 3 + 8*l**2 + 8*l - 9*l**2. Let n be s(8). Suppose 0 = 5*k - 4 - n. What is the remainder when 3 is divided by k?
0
What is the remainder when ((-11)/(66/(-1710)))/(6/14) is divided by 115?
90
Suppose -4924*l + 4943*l - 6004 = 0. Calculate the remainder when l is divided by 45.
1
What is the remainder when 1281 is divided by 11*(-14 + 14 - -3)?
27
What is the remainder when 1130 is divided by -1 + 6 + (-10)/(10/2) + 8?
8
Let o be 58/(-87) - (-28)/6. Suppose 2*r + 448 = 3*x + 68, 2*x + o*r - 264 = 0. What is the remainder when x is divided by 65?
63
What is the remainder when 13354 is divided by (-4)/1*(-13 - 3 - (-6 + -1))?
34
What is the remainder when 610 is divided by (-3 - (-756)/(-48))/(18/(-264))?
60
Let d = 185 + -165. Calculate the remainder when 581 is divided by d.
1
Let i(s) = -s**2 + 35*s + 138. Calculate the remainder when 1596 is divided by i(29).
36
Suppose -4*q - 2*j + 306 = 0, 2*j - 191 = -q - 101. Calculate the remainder when 10799 is divided by q.
71
Calculate the remainder when (354/236)/(6/172) is divided by 1 + (-2 + 29 - 4).
19
Let u = -180 + 639. Suppose 6*h - u = 3*h. What is the remainder when h is divided by 7?
6
Suppose -3*l + 36 - 5 + 38 = 0. Let m(p) = 273*p**2 + 2*p + 1. Let v be m(-1). Suppose -2*c + v = 2*c. What is the remainder when c is divided by l?
22
Suppose 1000*w - 984*w - 118064 = 0. What is the remainder when w is divided by 15?
14
Suppose -3*h = 189 - 186, 3*n + 4*h = 5. What is the remainder when (104/(-6))/((-5)/15) is divided by n?
1
What is the remainder when ((-18)/12 - -1)*-162 is divided by 14?
11
Calculate the remainder when (1268/10)/((-8)/(-680)) is divided by 154.
152
Suppose 40*w = 120 + 1040. Calculate the remainder when 1739 is divided by w.
28
Let m(c) = 12*c**2 + 534*c + 299. Calculate the remainder when 308 is divided by m(-44).
28
Let i = 73 + 87. Suppose 0*g - 5*g + i = 0. Suppose -g + 11 = -o. What is the remainder when o is divided by 12?
9
Suppose 9*d = 2*d + 462. Let a = 61 - 80. Let r = 16 - a. What is the remainder when d is divided by r?
31
Suppose 146*h - 2744 = 90*h